 the prime factors of f(j).
2
Let f be 5 - (30/(-6))/5. List the prime factors of 8/f*3 + 1*479.
3, 7, 23
Suppose 8*b = 3*b + 10. Suppose -2*q = 3*l - 722, -b*q + 53 = l - 669. Suppose 3*v + m = q, 0*v + 3*v + 4*m - 373 = 0. What are the prime factors of v?
7, 17
Let a(z) be the first derivative of -69*z**2/2 + 6*z - 23. Let q be a(7). List the prime factors of 3/(27/6)*q/(-6).
53
Let g be -5 - (-6)/2 - -3. List the prime factors of g/6 - 69219/270*-5.
2, 641
Let g = -5 - -12. Suppose 0 = -3*d + g*d - 40. Suppose -5*k + 2*u + 77 - 12 = 0, 0 = k - u - d. List the prime factors of k.
3, 5
Let o(h) = -4 + 63*h + 3*h**2 - 22*h - 15*h - 19*h. Let d = -5 - -8. List the prime factors of o(d).
2, 11
Let q(o) = -13*o**3 + o**2 - 2*o - 3. Let a be q(-1). Suppose -a*d - 14*d + 11421 = 0. What are the prime factors of d?
3, 47
Let h(g) = -g - 59. Let k(s) = -s - 60. Let n(m) = -5*h(m) + 4*k(m). What are the prime factors of n(0)?
5, 11
Let f(q) = -5286*q + 3646. List the prime factors of f(-4).
2, 5, 37, 67
Suppose 5*w = 10*z + 2*w - 879766, 5*z = -4*w + 439872. What are the prime factors of z?
2, 7, 1571
Let d = 19 - -89. Let c = -105 + d. Suppose 0*x + x - 65 = -c*g, x - 2*g = 90. What are the prime factors of x?
2, 5
Suppose -112 + 106 = -3*b. Suppose z - 2*x = 897, 4*x = -b*z - z + 2691. List the prime factors of z.
3, 13, 23
What are the prime factors of ((-19362)/(-4))/((-22)/(-88))?
2, 3, 7, 461
Suppose 338*j = 342*j - 9872. Let m = j - 1297. What are the prime factors of m?
1171
Let o = -205 - -215. What are the prime factors of (-12*3/o)/(1/(-30))?
2, 3
Let k(p) = 126*p**2 + 7*p + 17. Let m be k(-5). Suppose 0*a + 12*a - m = 0. Suppose -2*i = -5*i + a. What are the prime factors of i?
3, 29
Suppose -15*q = -5*q + 270. Let x(h) = h**2 + 23*h + 26. What are the prime factors of x(q)?
2, 67
Suppose -241665 + 749887 + 748738 = 80*u. What are the prime factors of u?
2, 491
Suppose 3*w - 284 = 4*k, -17 + 211 = 2*w + 2*k. Suppose n = 4*z - 4*n + 206, 5*z = -5*n - 235. Let r = z + w. List the prime factors of r.
47
Let y(x) = 1549*x**2 - 92*x + 275. List the prime factors of y(3).
2, 5, 17, 41
Let a = 165 - 171. What are the prime factors of a/4*4956/(-18)?
7, 59
Suppose -15*q + 13581333 = 190*q - 34*q. What are the prime factors of q?
79423
What are the prime factors of 31541 + (-2)/(-2) - -17?
11, 19, 151
Let b(h) = -h**3 - h + 21. Let z be b(0). Suppose z*a = 25*a - 2332. What are the prime factors of a?
11, 53
Let l = 740 + -420. Suppose t + 31 = 3*z + 3*t, t = 4*z - 23. Suppose -o = z*o - l. List the prime factors of o.
2, 5
List the prime factors of (-3 - 3) + (41 - 1)*(870 - -16).
2, 7, 2531
Suppose -3*n = -4898 - 4702. Suppose -n = 3*o - 8*o. Suppose -t = 3*t - o. List the prime factors of t.
2, 5
Suppose 48 = -19*x + 15*x. What are the prime factors of (-47 + 0)*x - (-8 - -8)?
2, 3, 47
Let m(h) = -h**3 + 12*h**2 + 9*h - 33. Let z be m(12). Suppose z = -16*v + 17*v. Suppose -20 = -19*c + v. List the prime factors of c.
5
Suppose c + 16 = -3*c. Let l(a) = -2*a**3 - 2*a**2 + 8*a + 3. Let w be l(c). Let n = 116 - w. What are the prime factors of n?
7
Let t(b) = 2479*b - 388. What are the prime factors of t(4)?
2, 3, 397
Let c(f) = -f**2 + 7*f - 4. Let a be c(6). Suppose -a*x - 9 = -13. Suppose -2*l + x*r + 234 = -2*r, 2*l - r = 228. What are the prime factors of l?
113
Suppose -5*x - 13*h = -18*h - 1160, 3*x - 695 = 2*h. List the prime factors of 892/(-1)*(-9 - x/(-28)).
3, 223
Let k(p) = -61543*p**3 + 25*p**2 + 16*p - 7. What are the prime factors of k(-1)?
3, 5, 11, 373
Suppose -209*r + 194*r = -14190. What are the prime factors of r?
2, 11, 43
Let q(r) = 5*r**2 + 21*r + 38. Let d be q(-11). List the prime factors of 1/((-1)/(-4)*16/d).
103
Let o(b) = -b**3 + 8*b**2 - 12*b - 10. Let x be o(5). Suppose 4*l + 242 = 2*v - 2, -x*v = -2*l - 650. List the prime factors of v.
2, 3, 11
Suppose 29 = -3*c - 4*b - 12, 4*b = 4*c + 92. List the prime factors of 1134/8*(c + 23).
3, 7
Let m = 678 - -758. Suppose -m + 5828 = 12*k. List the prime factors of k.
2, 3, 61
Let q = -10262 - -14418. List the prime factors of q.
2, 1039
Let q(n) be the third derivative of -n**6/180 - n**5/30 + 13*n**4/24 + 6*n**2. Let t(a) be the second derivative of q(a). List the prime factors of t(-12).
2, 11
List the prime factors of -8367*2*(-70)/420.
2789
Let k(a) = 4*a + 5. Let h be k(0). Suppose -i - h*b = -21, 0 - 16 = 4*i - 5*b. List the prime factors of ((-2)/5)/(i/(-180)).
2, 3
Suppose 4*a + 59 = 11. Let h(t) = t**3 + 13*t**2 + 13*t + 19. Let p be h(a). Suppose 4*s - 376 = -3*o, -s + p*o = 2*o - 94. What are the prime factors of s?
2, 47
Suppose -4*d + 4842 = 2*h, 0 = -27*h + 25*h + 2*d + 4830. What are the prime factors of h?
2417
Suppose 638 + 149 = z - s, 4*s = -z + 812. Suppose 6244 = -z*q + 799*q. List the prime factors of q.
2, 223
Let z(b) = -b**3 - 78*b**2 - 46*b + 71. List the prime factors of z(-78).
3659
Suppose -15*d + 2397 = -33. Let n = -63 + d. What are the prime factors of n?
3, 11
Let g = 13 + -1. Let v = g + -12. Suppose v = -h + 35 + 32. List the prime factors of h.
67
Suppose 25 = f + 198. Suppose -3*s + s - 8 = 0. List the prime factors of 1/(f/(-43) + s).
43
Let o(a) = 3484*a + 24. What are the prime factors of o(1)?
2, 877
List the prime factors of (8 - -4)/(7 + -8) - -30934.
2, 15461
List the prime factors of 62260 - (((-2046)/(-88))/31)/(2/(-8)).
19, 29, 113
What are the prime factors of 198/(-121) + (-667997)/(-121)?
5519
Suppose 131620 = -12*i + 32*i - 125500. What are the prime factors of i?
2, 1607
Let g = 14826 + 19308. List the prime factors of g.
2, 3, 5689
Let v be 4/24 - (-1 - 166/12). Let f be ((v/9)/5)/((-5)/(-45)). Suppose 0*z - 519 = -4*s - f*z, -4*z - 254 = -2*s. List the prime factors of s.
3, 43
Suppose -29*b = -32*b + 15. Let c(u) = 2 - 1 - 2 + 24*u - b. What are the prime factors of c(5)?
2, 3, 19
Let z(y) = 124*y - 90. Let l be z(26). Suppose -18*h + 4084 = -l. List the prime factors of h.
401
Let x(l) = -2*l**2 - 48*l + 22. Let f be x(-24). Let w(j) = j**3 - 18*j**2 - 37*j + 176. List the prime factors of w(f).
2, 11, 59
Let m(s) = -s**3 + 33*s**2 + 10*s - 367. List the prime factors of m(30).
2633
Let r(g) be the third derivative of g**5/60 - g**4/6 - 13*g**3/6 + 87*g**2. List the prime factors of r(-12).
179
Suppose 136*h - 960045 + 160501 = 0. What are the prime factors of h?
5879
What are the prime factors of 75/180*148760 - (-2 + 4/12)?
5, 7, 11, 23
Suppose 0 = -18*z + 149456 + 29446. What are the prime factors of z?
3, 3313
Let f = -4730 + 8786. List the prime factors of f.
2, 3, 13
Suppose 4*u + 4*p = 3*u, 0 = -4*u - 5*p + 33. Let l = 12 + -10. Suppose m - o = -l*o + 205, -u = 3*o. What are the prime factors of m?
11, 19
Suppose 17*v - 2*v + 6660 = 0. Let h(r) = -r**2 + 6*r - 19. Let j be h(16). Let u = j - v. List the prime factors of u.
5, 53
Suppose 166*y + 138578 - 234052 - 1375120 = 0. List the prime factors of y.
3, 2953
Suppose -4*a = -a - p - 20691, 2*a - 13780 = 3*p. What are the prime factors of a?
6899
Let y = -946 - 1858. Let m = y - -4056. List the prime factors of m.
2, 313
Suppose 3*j + 165*z = 169*z + 27169, -z + 36219 = 4*j. What are the prime factors of j?
5, 1811
Suppose 0 = y + 4*y - 9685. Suppose -391 = -8*a + y. List the prime factors of a.
3, 97
Suppose 8*z - 85 = -9*z. Suppose 0 = 2*y + z*k - 260 + 17, 0 = -y + k + 111. List the prime factors of y.
2, 3, 19
Let f(u) = 11*u**3 + 2*u**2 - 1. Let j(r) = -r**3 + 13*r**2 - 22*r + 2. Suppose 0 = h - 1 - 10. Let m be j(h). What are the prime factors of f(m)?
5, 19
Suppose 3*h = 3*w + h - 2343, -h = w - 776. Suppose 5*z = -17*c + 16*c + w, -786 = -c + 2*z. What are the prime factors of c?
2, 7
Let c(x) = -62*x + 25. Let y be c(-3). Suppose q + 3*a - 104 = 0, -2*q + 2*a = -y - 21. What are the prime factors of q?
113
Suppose -31*b + 865 = -36*b. Let j = 435 + b. What are the prime factors of j?
2, 131
Let j = 52176 + -31142. What are the prime factors of j?
2, 13, 809
List the prime factors of ((-3)/(-9))/(15/179955).
3, 31, 43
Suppose 0 = d + 5*w + 285, 0 = 4*d + 3*w + 2*w + 1095. Let l = 504 - d. List the prime factors of l.
2, 3, 43
Suppose 2*m - 48 = -46. Let k = m - -3. Suppose -5*s + k*v = -1329 + 156, 3*v - 9 = 0. What are the prime factors of s?
3